i - 2. Let w be h(9). Calculate the highest common factor of w and 176.
16
Suppose 2*i - i - 4*u = 164, 3*i = u + 459. Let x(d) be the first derivative of 3*d**2/2 + d - 4. Let h be x(6). What is the greatest common divisor of i and h?
19
Let l = 0 - -11. Suppose l*r - 14*r + 12 = 0. Calculate the greatest common divisor of 8 and r.
4
Suppose -a - 95 = -6*a. Let q(r) = 25*r + 23. Let d(k) = 17*k + 15. Let n(h) = 8*d(h) - 5*q(h). Let s be n(3). Calculate the greatest common divisor of a and s.
19
Suppose 5*d + 2*n = -n + 42, 4*n = 16. Let q be d - (-1)/((-3)/(-9)). Calculate the highest common factor of q and 18.
9
Let j be ((-63)/6)/((-6)/152). Suppose 31 = 3*b - j. Calculate the highest common factor of b and 11.
11
Suppose -3*o + 64 = -38. Let w = o + -23. Let t be (-1)/(2*(-1)/88). Calculate the greatest common factor of t and w.
11
Let m = -19 - -34. Let q be (-5)/10 - (-93)/6. Calculate the greatest common divisor of m and q.
15
Let a(b) = b**3 - 10*b**2 + b - 17. Let f be a(11). Calculate the greatest common factor of f and 46.
23
Let a(t) = 2*t**2 + 7*t + 4. Let w be a(-4). Let j be (4 + -1)*(-16)/(-6). What is the greatest common factor of j and w?
8
Let g(h) = -h**3 + h + 4. Let c be g(0). Suppose 228 = i + i - c*r, 5*i = 4*r + 564. What is the highest common factor of 14 and i?
14
Let n be 1*(1 + 5*4). Let t be (-6)/5*30/(-9). Suppose t*u + 10 = 5*v + 5*u, v = 2*u + 13. Calculate the highest common factor of v and n.
3
Let g(u) = u - 3. Let i be g(10). Let k(d) = d**3 - 8*d**2 + 3*d + 11. Let v = 13 + -5. Let w be k(v). What is the highest common divisor of i and w?
7
Let n = 6 - -18. Suppose -5*t - 2*d - 40 = 0, -2*t - 17 = -2*d + 3*d. Let j be (-5)/(10/t)*1. What is the highest common divisor of n and j?
3
Let x = 116 - 98. What is the greatest common divisor of x and 9?
9
Let w(r) = 14*r - 8*r + 16*r. Let q be w(8). What is the greatest common factor of q and 16?
16
Let c = 27 - 45. Let q = 60 + c. What is the greatest common divisor of q and 105?
21
Let p = -19 - -35. What is the greatest common factor of p and 112?
16
Suppose 0 = -2*w + 513 - 45. What is the greatest common divisor of w and 26?
26
Let a = -66 - -38. Let o = a - -63. Calculate the greatest common factor of o and 14.
7
Suppose 0 = 3*k - y - 21, 0 = -4*k + k - 5*y + 39. What is the greatest common divisor of k and 20?
4
Let x = -98 - -252. Calculate the greatest common factor of 22 and x.
22
Suppose -13 = -2*q - 1. Let n be (-6)/(-2)*28/q. Let h be n + (4/2 - 3). What is the greatest common divisor of h and 65?
13
Suppose -m - 678 = -4*x, -4*x + 189 = -5*m - 481. Calculate the greatest common factor of 34 and x.
34
Suppose -7*t = -4*t - 102. What is the highest common factor of t and 85?
17
Let n(z) be the second derivative of z**3/6 + z**2 - 2*z. Let d be n(10). What is the greatest common factor of 48 and d?
12
Suppose -24 - 16 = 4*h. Let o be ((-4)/h)/((-3)/15). Let j be 7/(o/(-19 + -3)). What is the highest common factor of 7 and j?
7
Let p = 35 - 19. Calculate the highest common factor of 64 and p.
16
Let b(z) = 29*z**2 + 1. Let d be b(1). Calculate the greatest common divisor of d and 12.
6
Let c be ((-8)/(-6))/((-1)/(-30)). Let l be (-9177)/(-92) - 2/(-8). What is the greatest common factor of c and l?
20
Let r be (84/(-15))/(5/(-25)). What is the highest common divisor of 7 and r?
7
Let h be -1 + (0 - 0) - -12. Suppose h = b - 67. Let k(n) = n**3 - 13*n**2 + 13. Let y be k(13). Calculate the highest common factor of b and y.
13
Let f be 1*2 - -14*1. Let z be (-3 + 12/4)/(-1). Suppose 2*w = 2*c - 254, z*c + 511 = 4*c - w. Calculate the greatest common divisor of c and f.
16
Let d be ((-5)/(-15))/((-3)/(-99)). Calculate the highest common divisor of d and 55.
11
Suppose r - 22 = 4*b, b = 3*r - 28 - 60. What is the highest common divisor of 270 and r?
30
Let g = 43 - 31. What is the highest common factor of 36 and g?
12
Suppose 5*s = -20, 3*m + 5*s + 20 = 7*m. Suppose m = -2*w + 18. What is the greatest common divisor of w and 63?
9
Let u be 9/6*1*-4. Let h be (3/u)/(4/(-8)). Calculate the greatest common factor of 4 and h.
1
Let c = -137 + 92. Let g = c - -178. Calculate the greatest common divisor of g and 19.
19
Let f(q) = q**2 - 8. Let x be f(-6). Suppose -4*g = -3*c + 8, 4*g - 2*c + 6 = 2*g. Let l be (-1 - g) + 132/3. What is the highest common factor of x and l?
14
Suppose -2*q - 20 = -4*q. Let i(w) = -w**3 - 2*w**2 + 2. Let a be i(-2). Let x be 2 + 0 + 156/a. Calculate the greatest common factor of q and x.
10
Suppose -2*i + 3*i = 71. Let k = i + -31. Suppose -k = -4*d + 20. What is the highest common divisor of d and 5?
5
Let f be 10/(-25) - 724/(-10). What is the highest common divisor of 8 and f?
8
Let o be 36 + -2 - 2/3*-3. What is the highest common divisor of o and 4?
4
Let l = 14 - 11. Calculate the highest common factor of 3 and l.
3
Let d = 17 - 3. Suppose 0 = -f - 5*a - d, 0 = -f - 0*f - 2*a + 1. What is the greatest common factor of f and 66?
11
Suppose 16 = -s - 4*i, -5*i = 5*s - i. Let k = -2 + s. Let b be 5 - 2/k - -2. What is the highest common factor of 66 and b?
6
Suppose 3*u - 146 = -a + 3*a, 255 = 5*u - a. What is the highest common divisor of u and 130?
26
Suppose -11 = 4*h + 1. Let g(s) = s**2 + 5*s - 10. Let k be g(-6). Let y be (-10)/k*(-30)/h. Calculate the highest common factor of 10 and y.
5
Suppose 3*q + 36 = 6*q. Suppose 5*i - 4*t - 304 = 2*i, 2*t + 206 = 2*i. What is the greatest common divisor of i and q?
12
Suppose 4*o - 18 - 14 = 0. Let m(b) = -b**3 + 9*b**2 + 2*b + 8. Let w be m(o). Suppose -4*v + w = 28. Calculate the highest common factor of 15 and v.
15
Suppose -16*k + 48 + 1536 = 0. What is the greatest common divisor of k and 11?
11
Suppose 111*c = 101*c + 30. Let t = 5 - 2. What is the highest common divisor of t and c?
3
Suppose 0 = l - 3*l - 20. Let g = l + 13. What is the greatest common factor of g and 27?
3
Let q = 26 + -11. What is the highest common factor of 6 and q?
3
Let s = -36 + 12. Let t be (18/4)/((-1)/s). Suppose 0 = 3*z - 4*c - t, 0*c = 2*z + 2*c - 86. Calculate the highest common factor of z and 8.
8
Let i = -75 + 81. What is the highest common divisor of i and 42?
6
Let t = -27 - -36. Calculate the greatest common divisor of t and 27.
9
Let n = -22 - -42. Calculate the highest common divisor of n and 30.
10
Let d(x) = -x**2 - 12*x - 6. Let u be d(-6). Suppose -2*q - q + u = 0. Let o = q + 55. What is the greatest common divisor of o and 26?
13
Suppose -2 = -m, -5*m = -g - 0*m + 13. Calculate the greatest common factor of 207 and g.
23
Let j be 0/2 - 3 - -16. Calculate the greatest common divisor of 65 and j.
13
Suppose -5*d - 3*n = 0, -7*n + 2*n + 13 = 4*d. Let i(g) = -2*g - 3*g - 8*g - 3. Let k be i(d). Calculate the highest common factor of 12 and k.
12
Suppose -31 - 59 = -5*g. Let f be (-8)/(2*(-1)/9). What is the greatest common factor of g and f?
18
Let m = 6 + -3. Suppose 2*c - 141 = m. Let v be (-3)/4*(-23 + -1). What is the highest common divisor of v and c?
18
Let w(g) = g + 1. Let c be w(7). Calculate the highest common divisor of c and 16.
8
Suppose 5*w + 2*q - 17 = 0, 3 = -2*w + 3*q + 6. What is the greatest common factor of 3 and w?
3
Suppose -b + 26 + 20 = 0. Calculate the greatest common divisor of 23 and b.
23
Suppose -3 - 1 = -2*z. Suppose -z + 0 = -2*r. Let w be -1 + (2 - r)*3. Calculate the greatest common factor of 16 and w.
2
Suppose -4*f + 5*y + 22 = 0, -2*y = -f - y + 5. Let b(q) = 8*q - 3. Let z be b(f). Calculate the greatest common divisor of 7 and z.
7
Suppose -5*w - 28 = -2*r, 3*w = -3*r + 34 + 8. Let b = 0 - -2. Suppose b*f + 8 = -2*f, 5*f - 46 = -4*n. Calculate the greatest common divisor of n and r.
14
Suppose r + 3*r = 8. Let n(l) = -l + 12 - l + r*l - l. Let k be n(0). What is the highest common factor of 4 and k?
4
Suppose 0 = -4*c - 4*d, -8*d + 3*d = -5*c - 30. Let g(f) = 5*f**2 - 3*f + 1. Let s be g(c). Calculate the greatest common factor of 11 and s.
11
Let p be 48*((-78)/24 - -4). Calculate the greatest common factor of 9 and p.
9
Let s be (-2 - -3)*(9 - 1). Let p = 24 - s. Calculate the greatest common divisor of p and 80.
16
Let n be (-54)/(-2) + -4 + 3. What is the highest common factor of n and 26?
26
Suppose 7*a + 36 = 3*a. Let w be ((-4)/3)/(1/a). 